{"id":19,"date":"2019-09-16T13:06:26","date_gmt":"2019-09-16T10:06:26","guid":{"rendered":"https:\/\/kosmetologeausteja.lt\/?page_id=19"},"modified":"2024-03-22T15:37:41","modified_gmt":"2024-03-22T12:37:41","slug":"kompetencijos","status":"publish","type":"page","link":"https:\/\/kosmetologeausteja.lt\/index.php\/kompetencijos\/","title":{"rendered":"Kompetencijos"},"content":{"rendered":"\n<div class=\"wp-block-media-text alignwide\" style=\"grid-template-columns:51% auto\"><figure class=\"wp-block-media-text__media\"><img loading=\"lazy\" decoding=\"async\" width=\"683\" height=\"1024\" src=\"https:\/\/kosmetologeausteja.lt\/wp-content\/uploads\/2019\/10\/hdniu-683x1024.jpg\" alt=\"\" class=\"wp-image-359 size-full\" srcset=\"https:\/\/kosmetologeausteja.lt\/wp-content\/uploads\/2019\/10\/hdniu-683x1024.jpg 683w, https:\/\/kosmetologeausteja.lt\/wp-content\/uploads\/2019\/10\/hdniu-200x300.jpg 200w, https:\/\/kosmetologeausteja.lt\/wp-content\/uploads\/2019\/10\/hdniu-768x1152.jpg 768w, https:\/\/kosmetologeausteja.lt\/wp-content\/uploads\/2019\/10\/hdniu-700x1050.jpg 700w, https:\/\/kosmetologeausteja.lt\/wp-content\/uploads\/2019\/10\/hdniu-520x780.jpg 520w, https:\/\/kosmetologeausteja.lt\/wp-content\/uploads\/2019\/10\/hdniu-360x540.jpg 360w, https:\/\/kosmetologeausteja.lt\/wp-content\/uploads\/2019\/10\/hdniu-250x375.jpg 250w, https:\/\/kosmetologeausteja.lt\/wp-content\/uploads\/2019\/10\/hdniu-100x150.jpg 100w\" sizes=\"(max-width: 683px) 100vw, 683px\" \/><\/figure><div class=\"wp-block-media-text__content\">\n<ul class=\"wp-block-list\">\n<li><\/li>\n<\/ul>\n\n\n\n<p>Medicinos ir sveikatos bakalauro laipsnis.<\/p>\n\n\n\n<p>Kauno Kolegijos medicinos fakulteto kosmetologijos katedros d\u0117stytoja<\/p>\n\n\n\n<p>Reviderm teoriniai ir praktiniai mokymai<\/p>\n\n\n\n<p>Sta\u017euot\u0117s pa\u017eengusiems kosmetologams Ispanijoje ir Suomijoje<\/p>\n\n\n\n<p>Thesera mokymai<\/p>\n\n\n\n<p>Cantabria Labs mokymai &#8211; Heliocare, Endocare, Biretix<\/p>\n\n\n\n<p>Arkana mokymai<\/p>\n\n\n\n<p>Cell Fusion C mokymai<\/p>\n\n\n\n<p> Inika organic mokymai<\/p>\n\n\n\n<p>Skeyndor kosmetikos mokymai<\/p>\n\n\n\n<p>NeoGenesis mokymai<\/p>\n\n\n\n<p>Australian Society of Cosmetic Dermatologists: The art and Science of Acne Scar Revision<\/p>\n\n\n\n<p>Thalion mokymai<\/p>\n\n\n\n<p>ODA professional kosmetolog\u0117s-ekspert\u0117s kvalifikacija<\/p>\n\n\n\n<p>Medical Collagene 3D mokymai<\/p>\n\n\n\n<p>\u041f\u043e\u0437\u0432\u043e\u043b\u0438\u0442\u0435 \u043a\u043e\u0436\u0435 \u0437\u0430\u043d\u043e\u0432\u043e \u0434\u044b\u0448\u0430\u0442\u044c:\u041d\u043e\u0432\u043e\u0435 \u0438\u0441\u043a\u0443\u0441\u0441\u0442\u0432\u043e \u043e\u0447\u0438\u0449\u0435\u043d\u0438\u044f &#8211; Maria Galland Paris<\/p>\n\n\n\n<p>Organic pharmacy mokymai<\/p>\n\n\n\n<p>Medical systems for micro needling and transdermal delivery &#8211; Fusion Meso <\/p>\n\n\n\n<p>Medic Control Peel: Praktiniai patarimai dirbant su cheminiais \u0161veitimais<\/p>\n\n\n\n<p>Ekseption organic peels <\/p>\n\n\n\n<p>Sesderma teoriniai ir praktiniai r\u016bg\u0161tini\u0173 proced\u016br\u0173 mokymai<\/p>\n\n\n\n<p>pH formula Skin Specialist qualification, Skin Resurfacing Workshop <\/p>\n\n\n\n<p>pH Formula teoriniai ir praktiniai r\u016bg\u0161tini\u0173 proced\u016br\u0173 mokymai<\/p>\n\n\n\n<p>Exuviance teoriniai ir praktiniai mokymai<\/p>\n\n\n\n<p>Anna Lotan mokymai<\/p>\n\n\n\n<p>Maria Galland Paris kokono proced\u016bros teoriniai ir praktiniai mokymai<\/p>\n\n\n\n<p>Maria Galland Paris \u201cLift\u2019expert\u201d teoriniai ir praktiniai mokymai su Odile Mennechet<\/p>\n\n\n\n<p>Guinot Hydra Peeling+ Eye Logic mokymai<\/p>\n\n\n\n<p>Alexandria Professional \u201cPa\u017eangi Epiliacija Cukrumi\u201d<\/p>\n\n\n\n<p>Sothys teoriniai ir praktiniai mokymai<\/p>\n\n\n\n<p>Pedibaehr mokymai<\/p>\n\n\n\n<p>Respublikin\u0117 konferencija \u201cMeistro link\u201d<\/p>\n\n\n\n<p>Kosmetik\u0173 ir kosmetolog\u0173 asociacijos mokymai<\/p>\n\n\n\n<p><\/p>\n\n\n\n<ul class=\"wp-block-list\">\n<li><\/li>\n<\/ul>\n<\/div><\/div>\n","protected":false},"excerpt":{"rendered":"","protected":false},"author":1,"featured_media":0,"parent":0,"menu_order":0,"comment_status":"closed","ping_status":"closed","template":"page-templates\/page_fullwidth.php","meta":{"footnotes":""},"class_list":["post-19","page","type-page","status-publish","hentry","clearfix"],"_links":{"self":[{"href":"https:\/\/kosmetologeausteja.lt\/index.php\/wp-json\/wp\/v2\/pages\/19"}],"collection":[{"href":"https:\/\/kosmetologeausteja.lt\/index.php\/wp-json\/wp\/v2\/pages"}],"about":[{"href":"https:\/\/kosmetologeausteja.lt\/index.php\/wp-json\/wp\/v2\/types\/page"}],"author":[{"embeddable":true,"href":"https:\/\/kosmetologeausteja.lt\/index.php\/wp-json\/wp\/v2\/users\/1"}],"replies":[{"embeddable":true,"href":"https:\/\/kosmetologeausteja.lt\/index.php\/wp-json\/wp\/v2\/comments?post=19"}],"version-history":[{"count":10,"href":"https:\/\/kosmetologeausteja.lt\/index.php\/wp-json\/wp\/v2\/pages\/19\/revisions"}],"predecessor-version":[{"id":401,"href":"https:\/\/kosmetologeausteja.lt\/index.php\/wp-json\/wp\/v2\/pages\/19\/revisions\/401"}],"wp:attachment":[{"href":"https:\/\/kosmetologeausteja.lt\/index.php\/wp-json\/wp\/v2\/media?parent=19"}],"curies":[{"name":"wp","href":"https:\/\/api.w.org\/{rel}","templated":true}]}}